{"id":103,"date":"2018-01-25T11:21:46","date_gmt":"2018-01-25T10:21:46","guid":{"rendered":"http:\/\/www.spzwb.il.pw.edu.pl\/?page_id=103"},"modified":"2024-11-23T11:20:36","modified_gmt":"2024-11-23T10:20:36","slug":"dokumenty","status":"publish","type":"page","link":"https:\/\/www.spzwb.il.pw.edu.pl\/index.php\/dokumenty\/","title":{"rendered":"Dokumenty"},"content":{"rendered":"<p><strong>Rekrutacja 2025<\/strong><\/p>\r\n<p><a href=\"https:\/\/www.pw.edu.pl\/studia\/studia-podyplomowe\/zarzadzanie-w-budownictwie\">Link do strony g\u0142\u00f3wnej PW SP ZWB.<\/a><\/p>\r\n<p><a href=\"https:\/\/irk.pw.edu.pl\/pl\/\">Link do systemu rekrutacji PW<\/a>.<\/p>\r\n<p><strong>Studia<\/strong><\/p>\r\n<p><a href=\"https:\/\/www.bip.pw.edu.pl\/Sprawy-Studenckie\/Regulamin-studiow-w-Politechnice-Warszawskiej2\">Regulamin studi\u00f3w w Politechnice Warszawskiej<\/a><\/p>\r\n<p><a href=\"https:\/\/www.bip.pw.edu.pl\/Wewnetrzne-akty-prawne\/Regulaminy\/Regulamin-studiow-podyplomowych-w-Politechnice-Warszawskiej\">Regulamin studi\u00f3w podyplomowych w Politechnice Warszawskiej<\/a><\/p>\r\n<p>&nbsp;<\/p>\r\n\r\n<p>&nbsp;<\/p>\r\n","protected":false},"excerpt":{"rendered":"<p>Rekrutacja 2025 Link do strony g\u0142\u00f3wnej PW SP ZWB. Link do systemu rekrutacji PW. Studia Regulamin studi\u00f3w w Politechnice Warszawskiej Regulamin studi\u00f3w podyplomowych w Politechnice Warszawskiej &nbsp; &nbsp;<\/p>\n","protected":false},"author":1,"featured_media":0,"parent":0,"menu_order":0,"comment_status":"closed","ping_status":"closed","template":"","meta":{"footnotes":""},"class_list":["post-103","page","type-page","status-publish","hentry"],"_links":{"self":[{"href":"https:\/\/www.spzwb.il.pw.edu.pl\/index.php\/wp-json\/wp\/v2\/pages\/103","targetHints":{"allow":["GET"]}}],"collection":[{"href":"https:\/\/www.spzwb.il.pw.edu.pl\/index.php\/wp-json\/wp\/v2\/pages"}],"about":[{"href":"https:\/\/www.spzwb.il.pw.edu.pl\/index.php\/wp-json\/wp\/v2\/types\/page"}],"author":[{"embeddable":true,"href":"https:\/\/www.spzwb.il.pw.edu.pl\/index.php\/wp-json\/wp\/v2\/users\/1"}],"replies":[{"embeddable":true,"href":"https:\/\/www.spzwb.il.pw.edu.pl\/index.php\/wp-json\/wp\/v2\/comments?post=103"}],"version-history":[{"count":33,"href":"https:\/\/www.spzwb.il.pw.edu.pl\/index.php\/wp-json\/wp\/v2\/pages\/103\/revisions"}],"predecessor-version":[{"id":1418,"href":"https:\/\/www.spzwb.il.pw.edu.pl\/index.php\/wp-json\/wp\/v2\/pages\/103\/revisions\/1418"}],"wp:attachment":[{"href":"https:\/\/www.spzwb.il.pw.edu.pl\/index.php\/wp-json\/wp\/v2\/media?parent=103"}],"curies":[{"name":"wp","href":"https:\/\/api.w.org\/{rel}","templated":true}]}}